{"id":23299,"date":"2024-02-23T19:32:32","date_gmt":"2024-02-24T01:32:32","guid":{"rendered":"https:\/\/eltiomascotas.com.mx\/?post_type=product&#038;p=23299"},"modified":"2025-08-10T12:58:23","modified_gmt":"2025-08-10T18:58:23","slug":"par-de-polainas-de-piel-para-gallos","status":"publish","type":"product","link":"https:\/\/eltiomascotas.com.mx\/index.php\/product\/par-de-polainas-de-piel-para-gallos\/","title":{"rendered":"Par De Polainas De Piel Para Gallos"},"content":{"rendered":"<p>POLAINAS DE PIEL PARA GALLOS &#8211; 2PZAS<br \/>\nLas polainas de piel para gallos son el accesorio ideal para quienes buscan cuidar y mejorar el rendimiento de sus aves. Dise\u00f1adas espec\u00edficamente para gallos, estas polainas ofrecen una protecci\u00f3n efectiva y un ajuste c\u00f3modo, permitiendo que los animales se muevan con libertad. Su material de piel garantiza durabilidad y resistencia, asegurando que se mantengan en \u00f3ptimas condiciones durante su uso.<\/p>\n","protected":false},"excerpt":{"rendered":"<p>PAR DE POLAINA DE PIEL PARA ENTRENAR GALLOS<\/p>\n","protected":false},"featured_media":25546,"comment_status":"open","ping_status":"closed","template":"","meta":[],"product_cat":[260],"product_tag":[],"class_list":{"0":"post-23299","1":"product","2":"type-product","3":"status-publish","4":"has-post-thumbnail","6":"product_cat-articulos-para-el-pastor","9":"first","10":"instock","11":"taxable","12":"shipping-taxable","13":"purchasable","14":"product-type-simple"},"jetpack_sharing_enabled":true,"_links":{"self":[{"href":"https:\/\/eltiomascotas.com.mx\/index.php\/wp-json\/wp\/v2\/product\/23299","targetHints":{"allow":["GET"]}}],"collection":[{"href":"https:\/\/eltiomascotas.com.mx\/index.php\/wp-json\/wp\/v2\/product"}],"about":[{"href":"https:\/\/eltiomascotas.com.mx\/index.php\/wp-json\/wp\/v2\/types\/product"}],"replies":[{"embeddable":true,"href":"https:\/\/eltiomascotas.com.mx\/index.php\/wp-json\/wp\/v2\/comments?post=23299"}],"version-history":[{"count":2,"href":"https:\/\/eltiomascotas.com.mx\/index.php\/wp-json\/wp\/v2\/product\/23299\/revisions"}],"predecessor-version":[{"id":25548,"href":"https:\/\/eltiomascotas.com.mx\/index.php\/wp-json\/wp\/v2\/product\/23299\/revisions\/25548"}],"wp:featuredmedia":[{"embeddable":true,"href":"https:\/\/eltiomascotas.com.mx\/index.php\/wp-json\/wp\/v2\/media\/25546"}],"wp:attachment":[{"href":"https:\/\/eltiomascotas.com.mx\/index.php\/wp-json\/wp\/v2\/media?parent=23299"}],"wp:term":[{"taxonomy":"product_cat","embeddable":true,"href":"https:\/\/eltiomascotas.com.mx\/index.php\/wp-json\/wp\/v2\/product_cat?post=23299"},{"taxonomy":"product_tag","embeddable":true,"href":"https:\/\/eltiomascotas.com.mx\/index.php\/wp-json\/wp\/v2\/product_tag?post=23299"}],"curies":[{"name":"wp","href":"https:\/\/api.w.org\/{rel}","templated":true}]}}