{"id":23603,"date":"2024-06-29T18:13:16","date_gmt":"2024-06-29T23:13:16","guid":{"rendered":"https:\/\/eltiomascotas.com.mx\/?post_type=product&#038;p=23603"},"modified":"2024-06-29T18:13:34","modified_gmt":"2024-06-29T23:13:34","slug":"shampoo-para-caballo-sabila-jojoba-anticaida-1l","status":"publish","type":"product","link":"https:\/\/eltiomascotas.com.mx\/index.php\/product\/shampoo-para-caballo-sabila-jojoba-anticaida-1l\/","title":{"rendered":"Shampoo Para Caballo \u2013 Anticaida Sabila Jojoba \u2013 1L"},"content":{"rendered":"<p>El Shampoo Champ\u00fa Para Caballo S\u00e1bila Jojoba de la marca Shine Poo es el producto ideal para cuidar la salud y belleza del pelaje de tu caballo. Con una f\u00f3rmula enriquecida con s\u00e1bila, jojoba, minoxidil y bergamota este champ\u00fa proporciona una limpieza profunda, un brillo espectacular, cuidado y crecimiento en el cabello.<\/p>\n<p>Gracias a sus ingredientes naturales, este shampoo ayuda a hidratar y nutrir la piel y el pelaje de tu caballo, dej\u00e1ndolo suave y sedoso al tacto. Adem\u00e1s, su aroma fresco y agradable dejar\u00e1 a tu caballo con un olor delicioso y duradero.<\/p>\n","protected":false},"excerpt":{"rendered":"<p>El Shampoo Champ\u00fa Para Caballo S\u00e1bila Jojoba de la marca Shine Poo es el producto ideal para cuidar la salud y belleza del pelaje de tu caballo. Con una f\u00f3rmula enriquecida con s\u00e1bila, jojoba, minoxidil y bergamota este champ\u00fa proporciona una limpieza profunda, un brillo espectacular, cuidado y crecimiento en el cabello. Gracias a sus [&hellip;]<\/p>\n","protected":false},"featured_media":23604,"comment_status":"open","ping_status":"closed","template":"","meta":[],"product_cat":[366],"product_tag":[],"class_list":{"0":"post-23603","1":"product","2":"type-product","3":"status-publish","4":"has-post-thumbnail","6":"product_cat-shampoocaballo","9":"first","10":"instock","11":"taxable","12":"shipping-taxable","13":"purchasable","14":"product-type-simple"},"jetpack_sharing_enabled":true,"_links":{"self":[{"href":"https:\/\/eltiomascotas.com.mx\/index.php\/wp-json\/wp\/v2\/product\/23603","targetHints":{"allow":["GET"]}}],"collection":[{"href":"https:\/\/eltiomascotas.com.mx\/index.php\/wp-json\/wp\/v2\/product"}],"about":[{"href":"https:\/\/eltiomascotas.com.mx\/index.php\/wp-json\/wp\/v2\/types\/product"}],"replies":[{"embeddable":true,"href":"https:\/\/eltiomascotas.com.mx\/index.php\/wp-json\/wp\/v2\/comments?post=23603"}],"version-history":[{"count":2,"href":"https:\/\/eltiomascotas.com.mx\/index.php\/wp-json\/wp\/v2\/product\/23603\/revisions"}],"predecessor-version":[{"id":23607,"href":"https:\/\/eltiomascotas.com.mx\/index.php\/wp-json\/wp\/v2\/product\/23603\/revisions\/23607"}],"wp:featuredmedia":[{"embeddable":true,"href":"https:\/\/eltiomascotas.com.mx\/index.php\/wp-json\/wp\/v2\/media\/23604"}],"wp:attachment":[{"href":"https:\/\/eltiomascotas.com.mx\/index.php\/wp-json\/wp\/v2\/media?parent=23603"}],"wp:term":[{"taxonomy":"product_cat","embeddable":true,"href":"https:\/\/eltiomascotas.com.mx\/index.php\/wp-json\/wp\/v2\/product_cat?post=23603"},{"taxonomy":"product_tag","embeddable":true,"href":"https:\/\/eltiomascotas.com.mx\/index.php\/wp-json\/wp\/v2\/product_tag?post=23603"}],"curies":[{"name":"wp","href":"https:\/\/api.w.org\/{rel}","templated":true}]}}