{"id":24033,"date":"2024-10-09T15:10:05","date_gmt":"2024-10-09T20:10:05","guid":{"rendered":"https:\/\/eltiomascotas.com.mx\/?post_type=product&#038;p=24033"},"modified":"2024-10-09T15:22:27","modified_gmt":"2024-10-09T20:22:27","slug":"filtro-externo-de-cascada-250l-h-para-pecera-de-10-a-30-litros","status":"publish","type":"product","link":"https:\/\/eltiomascotas.com.mx\/index.php\/product\/filtro-externo-de-cascada-250l-h-para-pecera-de-10-a-30-litros\/","title":{"rendered":"Filtro Externo De Cascada 250L\/H Para Pecera de 10 A 30 Litros"},"content":{"rendered":"<p>FILTRO DE CASCADA PARA ACUARIOS (USO EXTERNO)<\/p>\n<p>CAPACIDAD:<br \/>\nIDEAL PARA ACUARIOS DE 10 HASTA 30 LITROS<\/p>\n<p>CAR\u00c1CTERISTICAS:<br \/>\n&#8211; La mejor eficiencia para mantener el agua cristalina<br \/>\n&#8211; Flujo de agua ajustable<br \/>\n&#8211; F\u00e1cil instalaci\u00f3n (solo col\u00f3quelo en su pecera, agregue agua dentro del filtro, conecte y encienda el filtro)<br \/>\n&#8211; Filtraci\u00f3n Biol\u00f3gica, oxigenaci\u00f3n del agua en acuarios o estanques<br \/>\n&#8211; Flujo de hasta 250L\/H<br \/>\n&#8211; Sif\u00f3n de entrada telesc\u00f3pica<br \/>\n&#8211; Eficiente dise\u00f1o<br \/>\n&#8211; Funcionamiento estable m\u00faltiple filtraci\u00f3n.<br \/>\n&#8211; Sif\u00f3n de succi\u00f3n dise\u00f1ado para evitar absorber a los peces (Amplia Seguridad)<br \/>\n&#8211; Ideal para acuarios de agua dulce o salada<\/p>\n<p>VENTAJAS:<br \/>\n&#8211; Amplia filtraci\u00f3n<br \/>\n&#8211; Ahorro de energ\u00eda<br \/>\n&#8211; Silenciosa<br \/>\n&#8211; F\u00e1cil instalaci\u00f3n y mantenimiento.<\/p>\n","protected":false},"excerpt":{"rendered":"<p>FILTRO DE CASCADA PARA ACUARIOS (USO EXTERNO)<\/p>\n","protected":false},"featured_media":24036,"comment_status":"open","ping_status":"closed","template":"","meta":[],"product_cat":[256],"product_tag":[],"class_list":{"0":"post-24033","1":"product","2":"type-product","3":"status-publish","4":"has-post-thumbnail","6":"product_brand-aquakril","7":"product_cat-filtros-bombas","10":"first","11":"instock","12":"taxable","13":"shipping-taxable","14":"purchasable","15":"product-type-simple"},"jetpack_sharing_enabled":true,"_links":{"self":[{"href":"https:\/\/eltiomascotas.com.mx\/index.php\/wp-json\/wp\/v2\/product\/24033","targetHints":{"allow":["GET"]}}],"collection":[{"href":"https:\/\/eltiomascotas.com.mx\/index.php\/wp-json\/wp\/v2\/product"}],"about":[{"href":"https:\/\/eltiomascotas.com.mx\/index.php\/wp-json\/wp\/v2\/types\/product"}],"replies":[{"embeddable":true,"href":"https:\/\/eltiomascotas.com.mx\/index.php\/wp-json\/wp\/v2\/comments?post=24033"}],"version-history":[{"count":1,"href":"https:\/\/eltiomascotas.com.mx\/index.php\/wp-json\/wp\/v2\/product\/24033\/revisions"}],"predecessor-version":[{"id":24037,"href":"https:\/\/eltiomascotas.com.mx\/index.php\/wp-json\/wp\/v2\/product\/24033\/revisions\/24037"}],"wp:featuredmedia":[{"embeddable":true,"href":"https:\/\/eltiomascotas.com.mx\/index.php\/wp-json\/wp\/v2\/media\/24036"}],"wp:attachment":[{"href":"https:\/\/eltiomascotas.com.mx\/index.php\/wp-json\/wp\/v2\/media?parent=24033"}],"wp:term":[{"taxonomy":"product_cat","embeddable":true,"href":"https:\/\/eltiomascotas.com.mx\/index.php\/wp-json\/wp\/v2\/product_cat?post=24033"},{"taxonomy":"product_tag","embeddable":true,"href":"https:\/\/eltiomascotas.com.mx\/index.php\/wp-json\/wp\/v2\/product_tag?post=24033"}],"curies":[{"name":"wp","href":"https:\/\/api.w.org\/{rel}","templated":true}]}}