{"id":24881,"date":"2024-10-15T21:22:46","date_gmt":"2024-10-16T02:22:46","guid":{"rendered":"https:\/\/eltiomascotas.com.mx\/?post_type=product&#038;p=24881"},"modified":"2024-10-15T22:58:25","modified_gmt":"2024-10-16T03:58:25","slug":"bote-de-cucarachas-lobster-alimento-vivo-100pzas","status":"publish","type":"product","link":"https:\/\/eltiomascotas.com.mx\/index.php\/product\/bote-de-cucarachas-lobster-alimento-vivo-100pzas\/","title":{"rendered":"Bote De Cuaracha Loobster \u2013 Alimento Vivo \u2013 100pzas"},"content":{"rendered":"<p>BOTE DE CUCARACHA LOBTER | ALIMENTO VIVO PARA REPTILES<\/p>\n<p>Alimento balanceado fuente de prote\u00edna, fibra, grasas y carbohidratos. Ideal para anfibios, reptiles, tarantulas, escorpiones, peces, aves y peque\u00f1os mam\u00edferos.<\/p>\n<p>CAR\u00c1CTERISTICAS:<\/p>\n<p>&#8211; Alimento vivo para tu mascota<br \/>\n&#8211; Estas cucarachas han sido criadas con las mejores condiciones.<br \/>\n&#8211; Son alimentadas con fruta y verdura, libres de pesticidas. Tambi\u00e9n se complementa su dieta con alimento en polvo balanceado, vitaminado y con calcio para que cuando tu mascota las consuma, se beneficie de todos estos nutrientes.<br \/>\n&#8211; El bote contiene alrededor de 100pzas o m\u00e1s cucarachas<\/p>\n<p>Mantenga el bote en un lugar fresco y seco, fuera del alcance de los rayos del sol.<\/p>\n","protected":false},"excerpt":{"rendered":"<p>CUCARACHA LOBTER ALIMENTO VIVO<\/p>\n","protected":false},"featured_media":24875,"comment_status":"open","ping_status":"closed","template":"","meta":[],"product_cat":[361],"product_tag":[396,409],"class_list":{"0":"post-24881","1":"product","2":"type-product","3":"status-publish","4":"has-post-thumbnail","6":"product_brand-eltiomascotas","7":"product_cat-alimentovivoparareptiles","8":"product_tag-alimento-vivo","9":"product_tag-cucaracha-loobster","12":"first","13":"instock","14":"taxable","15":"shipping-taxable","16":"purchasable","17":"product-type-simple"},"jetpack_sharing_enabled":true,"_links":{"self":[{"href":"https:\/\/eltiomascotas.com.mx\/index.php\/wp-json\/wp\/v2\/product\/24881","targetHints":{"allow":["GET"]}}],"collection":[{"href":"https:\/\/eltiomascotas.com.mx\/index.php\/wp-json\/wp\/v2\/product"}],"about":[{"href":"https:\/\/eltiomascotas.com.mx\/index.php\/wp-json\/wp\/v2\/types\/product"}],"replies":[{"embeddable":true,"href":"https:\/\/eltiomascotas.com.mx\/index.php\/wp-json\/wp\/v2\/comments?post=24881"}],"version-history":[{"count":2,"href":"https:\/\/eltiomascotas.com.mx\/index.php\/wp-json\/wp\/v2\/product\/24881\/revisions"}],"predecessor-version":[{"id":24887,"href":"https:\/\/eltiomascotas.com.mx\/index.php\/wp-json\/wp\/v2\/product\/24881\/revisions\/24887"}],"wp:featuredmedia":[{"embeddable":true,"href":"https:\/\/eltiomascotas.com.mx\/index.php\/wp-json\/wp\/v2\/media\/24875"}],"wp:attachment":[{"href":"https:\/\/eltiomascotas.com.mx\/index.php\/wp-json\/wp\/v2\/media?parent=24881"}],"wp:term":[{"taxonomy":"product_cat","embeddable":true,"href":"https:\/\/eltiomascotas.com.mx\/index.php\/wp-json\/wp\/v2\/product_cat?post=24881"},{"taxonomy":"product_tag","embeddable":true,"href":"https:\/\/eltiomascotas.com.mx\/index.php\/wp-json\/wp\/v2\/product_tag?post=24881"}],"curies":[{"name":"wp","href":"https:\/\/api.w.org\/{rel}","templated":true}]}}