{"id":25171,"date":"2025-05-03T14:23:34","date_gmt":"2025-05-03T20:23:34","guid":{"rendered":"https:\/\/eltiomascotas.com.mx\/?post_type=product&#038;p=25171"},"modified":"2025-05-03T14:23:34","modified_gmt":"2025-05-03T20:23:34","slug":"carda-cepillo-m-para-pequenas-mascotas-14x10cm","status":"publish","type":"product","link":"https:\/\/eltiomascotas.com.mx\/index.php\/product\/carda-cepillo-m-para-pequenas-mascotas-14x10cm\/","title":{"rendered":"Carda Cepillo M &#8211; Para Peque\u00f1as Mascotas 14x10cm"},"content":{"rendered":"<div id=\"description\" class=\"ui-pdp-container__row ui-pdp-container__row--description\">\n<div class=\"ui-pdp-collapsable ui-pdp-description-collapse\">\n<div class=\"ui-pdp-collapsable__container\">\n<div class=\"ui-pdp-description\">\n<p class=\"ui-pdp-description__content\" data-testid=\"content\">CARDA MED PARA MASCOTAS &#8211; TODO TIPO DE PELO<\/p>\n<p>La herramienta ideal para mantener el pelaje de tu mascota en perfectas condiciones. Dise\u00f1ado para perros, gatos y mascotas peque\u00f1as de todo tipo de pelaje, este cepillo compacto en color lila oscuro facilita el cuidado diario de tu compa\u00f1ero peludo. Su formato de carda permite eliminar eficazmente el pelo suelto y los enredos, asegurando que tu mascota luzca siempre radiante.<\/p>\n<p>RECOMENDACIONES:<br \/>\n&#8211; MASCOTAS PELO CORTO: Cepillar de 2 a 3 veces por cemana<br \/>\n&#8211; MASCOTAS PELO MEDIANO: Cepillar 4 veces por semana<br \/>\n&#8211; MASCOTAS DE PELO LARGO: Cepillar diario<\/p>\n<\/div>\n<\/div>\n<\/div>\n<\/div>\n<div class=\"ui-vip-core-spot-middle\">\n<section class=\"ui-recommendations-carousel-wrapper-ref ui-recommendations-over-white-background\">\n<div class=\"ui-recommendations-carousel-snapped ui-pdp-with--separator-top ui-pdp-with--separator-top--full mb-40 recos-override__card-vertical\">\n<div class=\"ui-recommendations-carousel-snapped__header\">\n<div class=\"ui-recommendations-carousel-snapped__header-titles\"><\/div>\n<\/div>\n<\/div>\n<\/section>\n<\/div>\n","protected":false},"excerpt":{"rendered":"<p>Carda Lila 14x10cm<\/p>\n","protected":false},"featured_media":25174,"comment_status":"open","ping_status":"closed","template":"","meta":[],"product_cat":[463,464],"product_tag":[],"class_list":{"0":"post-25171","1":"product","2":"type-product","3":"status-publish","4":"has-post-thumbnail","6":"product_brand-sevenpet","7":"product_cat-aseo-grooming","8":"product_cat-aseo-grooming-higiene-limpieza-perros","11":"first","12":"instock","13":"sale","14":"taxable","15":"shipping-taxable","16":"purchasable","17":"product-type-simple"},"jetpack_sharing_enabled":true,"_links":{"self":[{"href":"https:\/\/eltiomascotas.com.mx\/index.php\/wp-json\/wp\/v2\/product\/25171","targetHints":{"allow":["GET"]}}],"collection":[{"href":"https:\/\/eltiomascotas.com.mx\/index.php\/wp-json\/wp\/v2\/product"}],"about":[{"href":"https:\/\/eltiomascotas.com.mx\/index.php\/wp-json\/wp\/v2\/types\/product"}],"replies":[{"embeddable":true,"href":"https:\/\/eltiomascotas.com.mx\/index.php\/wp-json\/wp\/v2\/comments?post=25171"}],"version-history":[{"count":1,"href":"https:\/\/eltiomascotas.com.mx\/index.php\/wp-json\/wp\/v2\/product\/25171\/revisions"}],"predecessor-version":[{"id":25179,"href":"https:\/\/eltiomascotas.com.mx\/index.php\/wp-json\/wp\/v2\/product\/25171\/revisions\/25179"}],"wp:featuredmedia":[{"embeddable":true,"href":"https:\/\/eltiomascotas.com.mx\/index.php\/wp-json\/wp\/v2\/media\/25174"}],"wp:attachment":[{"href":"https:\/\/eltiomascotas.com.mx\/index.php\/wp-json\/wp\/v2\/media?parent=25171"}],"wp:term":[{"taxonomy":"product_cat","embeddable":true,"href":"https:\/\/eltiomascotas.com.mx\/index.php\/wp-json\/wp\/v2\/product_cat?post=25171"},{"taxonomy":"product_tag","embeddable":true,"href":"https:\/\/eltiomascotas.com.mx\/index.php\/wp-json\/wp\/v2\/product_tag?post=25171"}],"curies":[{"name":"wp","href":"https:\/\/api.w.org\/{rel}","templated":true}]}}