{"id":25204,"date":"2025-05-04T20:53:05","date_gmt":"2025-05-05T02:53:05","guid":{"rendered":"https:\/\/eltiomascotas.com.mx\/?post_type=product&#038;p=25204"},"modified":"2026-01-06T16:06:34","modified_gmt":"2026-01-06T22:06:34","slug":"alimento-comida-tortugas-tortuguetas-normal-petmmal-6kg","status":"publish","type":"product","link":"https:\/\/eltiomascotas.com.mx\/index.php\/product\/alimento-comida-tortugas-tortuguetas-normal-petmmal-6kg\/","title":{"rendered":"Alimento Comida Tortugas Tortuguetas Normal Petmmal 6kg"},"content":{"rendered":"<p>Alimento PREMIUM balanceado, flotante en forma de barritas de 4.5 mm de grosor. F\u00f3rmula omn\u00edvora, predominantemente c\u00e1rnica, sin duda la mejor del mercado, con un excelente balance calcio-f\u00f3sforo.<\/p>\n<p>Formulado por especialistas en reptiles, especialmente para tortugas acu\u00e1ticas y semiacu\u00e1ticas omn\u00edvoras en crecimiento, con tallas entre los 7-10 cm. Extrudizado con formulaci\u00f3n predominantemente c\u00e1rnica, por lo que puede usarse tambi\u00e9n para alimentar a otros reptiles omn\u00edvoros, como dragones barbados, skinks, geckos y varanos. Te garantizamos satisfacci\u00f3n TOTAL.<\/p>\n<p>La cubeta de 6 kg es perfecta para aquellos que tienen varias tortugas, o desean tener un suministro duradero. No tendr\u00e1s que preocuparte por la posibilidad de que te puedas quedar sin alimento para tus tortugas.<\/p>\n<p>Tortuguetas es un alimento muy f\u00e1cil de usar. S\u00f3lo necesitas tomar la cantidad adecuada y alimentar a tus tortugas de acuerdo con las instrucciones. Tus mascotas disfrutar\u00e1n de su delicioso sabor y t\u00fa podr\u00e1s tener la tranquilidad de estar brind\u00e1ndoles una alimentaci\u00f3n balanceada.<\/p>\n<p>No pierdas la oportunidad de ofrecerle a tus tortugas el alimento que se merecen. Tortuguetas Cubeta 6kg es la elecci\u00f3n perfecta para mantener a tus tortugas sanas y felices. \u00a1Aprovecha esta oferta y adqui\u00e9relo ahora mismo!<br \/>\nGarantizado el crecimiento sano de tu tortuga, en tiempo y forma.<\/p>\n<p>Producto 100% mexicano.<\/p>\n","protected":false},"excerpt":{"rendered":"<p>CUBETA ALIMENTO TORTUGA 6KG<\/p>\n","protected":false},"featured_media":25206,"comment_status":"open","ping_status":"closed","template":"","meta":[],"product_cat":[187],"product_tag":[432,484,483],"class_list":{"0":"post-25204","1":"product","2":"type-product","3":"status-publish","4":"has-post-thumbnail","6":"product_brand-petmmal","7":"product_cat-alimento-para-tortugas","8":"product_tag-alimento-para-tortuga","9":"product_tag-petmmal","10":"product_tag-tortuguetas-normal-cubeta-6kg","13":"first","14":"outofstock","15":"sale","16":"featured","17":"taxable","18":"shipping-taxable","19":"purchasable","20":"product-type-simple"},"jetpack_sharing_enabled":true,"_links":{"self":[{"href":"https:\/\/eltiomascotas.com.mx\/index.php\/wp-json\/wp\/v2\/product\/25204","targetHints":{"allow":["GET"]}}],"collection":[{"href":"https:\/\/eltiomascotas.com.mx\/index.php\/wp-json\/wp\/v2\/product"}],"about":[{"href":"https:\/\/eltiomascotas.com.mx\/index.php\/wp-json\/wp\/v2\/types\/product"}],"replies":[{"embeddable":true,"href":"https:\/\/eltiomascotas.com.mx\/index.php\/wp-json\/wp\/v2\/comments?post=25204"}],"version-history":[{"count":1,"href":"https:\/\/eltiomascotas.com.mx\/index.php\/wp-json\/wp\/v2\/product\/25204\/revisions"}],"predecessor-version":[{"id":25209,"href":"https:\/\/eltiomascotas.com.mx\/index.php\/wp-json\/wp\/v2\/product\/25204\/revisions\/25209"}],"wp:featuredmedia":[{"embeddable":true,"href":"https:\/\/eltiomascotas.com.mx\/index.php\/wp-json\/wp\/v2\/media\/25206"}],"wp:attachment":[{"href":"https:\/\/eltiomascotas.com.mx\/index.php\/wp-json\/wp\/v2\/media?parent=25204"}],"wp:term":[{"taxonomy":"product_cat","embeddable":true,"href":"https:\/\/eltiomascotas.com.mx\/index.php\/wp-json\/wp\/v2\/product_cat?post=25204"},{"taxonomy":"product_tag","embeddable":true,"href":"https:\/\/eltiomascotas.com.mx\/index.php\/wp-json\/wp\/v2\/product_tag?post=25204"}],"curies":[{"name":"wp","href":"https:\/\/api.w.org\/{rel}","templated":true}]}}