{"id":25210,"date":"2025-05-04T21:19:24","date_gmt":"2025-05-05T03:19:24","guid":{"rendered":"https:\/\/eltiomascotas.com.mx\/?post_type=product&#038;p=25210"},"modified":"2025-06-18T15:14:15","modified_gmt":"2025-06-18T21:14:15","slug":"alimento-comida-tortugas-tortuguetas-normal-petmmal-3kg","status":"publish","type":"product","link":"https:\/\/eltiomascotas.com.mx\/index.php\/product\/alimento-comida-tortugas-tortuguetas-normal-petmmal-3kg\/","title":{"rendered":"Alimento Comida Tortugas Tortuguetas Normal Petmmal 3kg"},"content":{"rendered":"<p>ALIMENTO CAJA TORTUGUETAS NORMAL 3KG<\/p>\n<p>Alimento Balanceado PREMIUM. Pellet flotante en forma de barritas de 4.5 mm de grosor. TORTUGUETAS Normal est\u00e1 fabricado con nuestra f\u00f3rmula omn\u00edvora, la cual es predominantemente c\u00e1rnica. Es sin duda la mejor del mercado, con un excelente balance calcio-f\u00f3sforo.<\/p>\n<p>Formulado por bi\u00f3logos especialistas en reptiles, especialmente para tortugas acu\u00e1ticas y semiacu\u00e1ticas omn\u00edvoras en crecimiento, con tallas entre los 7-10 cm. Al ser una f\u00f3rmula predominantemente c\u00e1rnica, este alimento puede usarse tambi\u00e9n para alimentar a otros reptiles omn\u00edvoros, como dragones barbados, skinks, geckos y varanos. Te garantizamos satisfacci\u00f3n TOTAL.<\/p>\n<p>Garantizado el crecimiento sano de tu tortuga, en tiempo y forma.<\/p>\n<p>Producto 100% mexicano.<\/p>\n","protected":false},"excerpt":{"rendered":"<p>Caja con 3kg alimento tortuguetas normal<\/p>\n","protected":false},"featured_media":25211,"comment_status":"open","ping_status":"closed","template":"","meta":[],"product_cat":[187],"product_tag":[395,485,484,406],"class_list":{"0":"post-25210","1":"product","2":"type-product","3":"status-publish","4":"has-post-thumbnail","6":"product_brand-petmmal","7":"product_cat-alimento-para-tortugas","8":"product_tag-alimento-tortuga","9":"product_tag-caja-tortuguetas-normal","10":"product_tag-petmmal","11":"product_tag-tortuguetas-normal","14":"first","15":"instock","16":"sale","17":"featured","18":"taxable","19":"shipping-taxable","20":"purchasable","21":"product-type-simple"},"jetpack_sharing_enabled":true,"_links":{"self":[{"href":"https:\/\/eltiomascotas.com.mx\/index.php\/wp-json\/wp\/v2\/product\/25210","targetHints":{"allow":["GET"]}}],"collection":[{"href":"https:\/\/eltiomascotas.com.mx\/index.php\/wp-json\/wp\/v2\/product"}],"about":[{"href":"https:\/\/eltiomascotas.com.mx\/index.php\/wp-json\/wp\/v2\/types\/product"}],"replies":[{"embeddable":true,"href":"https:\/\/eltiomascotas.com.mx\/index.php\/wp-json\/wp\/v2\/comments?post=25210"}],"version-history":[{"count":1,"href":"https:\/\/eltiomascotas.com.mx\/index.php\/wp-json\/wp\/v2\/product\/25210\/revisions"}],"predecessor-version":[{"id":25214,"href":"https:\/\/eltiomascotas.com.mx\/index.php\/wp-json\/wp\/v2\/product\/25210\/revisions\/25214"}],"wp:featuredmedia":[{"embeddable":true,"href":"https:\/\/eltiomascotas.com.mx\/index.php\/wp-json\/wp\/v2\/media\/25211"}],"wp:attachment":[{"href":"https:\/\/eltiomascotas.com.mx\/index.php\/wp-json\/wp\/v2\/media?parent=25210"}],"wp:term":[{"taxonomy":"product_cat","embeddable":true,"href":"https:\/\/eltiomascotas.com.mx\/index.php\/wp-json\/wp\/v2\/product_cat?post=25210"},{"taxonomy":"product_tag","embeddable":true,"href":"https:\/\/eltiomascotas.com.mx\/index.php\/wp-json\/wp\/v2\/product_tag?post=25210"}],"curies":[{"name":"wp","href":"https:\/\/api.w.org\/{rel}","templated":true}]}}