{"id":25232,"date":"2025-05-04T22:55:55","date_gmt":"2025-05-05T04:55:55","guid":{"rendered":"https:\/\/eltiomascotas.com.mx\/?post_type=product&#038;p=25232"},"modified":"2026-01-31T19:08:21","modified_gmt":"2026-02-01T01:08:21","slug":"alimento-comida-tortugas-tortuguetas-jumbo-petmmal-3kg","status":"publish","type":"product","link":"https:\/\/eltiomascotas.com.mx\/index.php\/product\/alimento-comida-tortugas-tortuguetas-jumbo-petmmal-3kg\/","title":{"rendered":"Alimento Comida Tortugas Tortuguetas Jumbo Petmmal 3kg"},"content":{"rendered":"<p>ALIMENTO PARA TORTUGA JUMBO &#8211; PRESENTACI\u00d3N A GRANEL.<\/p>\n<p>Alimento PREMIUM balanceado, flotante en forma de barras de 9.5mm x 10mm de grosor.<\/p>\n<p>Formulado por especialistas para tortugas acu\u00e1ticas y semiacu\u00e1ticas de talla GRANDE, como adultos de oreja roja, pavo real, lagarto, blandas y goao. Tambi\u00e9n resulta un excelente complemento alimenticio para dragones barbados, skinks de lengua azul y geckos leopardo, entre otros.<\/p>\n<p>F\u00f3rmula omn\u00edvora, predominantemente c\u00e1rnica. Sin duda la mejor del mercado, con un excelente balance entre calcio y f\u00f3sforo; indispensable para el desarrollo normal del caparaz\u00f3n y de las funciones vitales del organismo.<\/p>\n<p>Tama\u00f1o ideal para que lo coman en un s\u00f3lo bocado. Se recomienda como alimento \u00fanico (nutrici\u00f3n total), ideal para no perder el balance nutricional perfecto. Alimento preferido por las tortugas que garantiza un crecimiento sano en tiempo y forma. Sin colorantes, ni saborizantes artificiales.<\/p>\n<p>F\u00d3RMULA DISE\u00d1ADA, PROBADA Y COMPROBADA POR ESPECIALISTAS EN REPTILES.<\/p>\n<p>Cualquier duda que tengas con el manejo, cuidado y alimentaci\u00f3n de tu ejemplar, no dudes en contactarnos. Contamos con ASESOR\u00cdA GRATUITA personalizada por parte de la bi\u00f3loga, fundadora de la empresa.<\/p>\n<p>Producto 100% mexicano.<\/p>\n","protected":false},"excerpt":{"rendered":"<p>CAJA TORTUGUETAS JUMBO (PARA TORTUGAS GRANDES) 3KG<\/p>\n","protected":false},"featured_media":25233,"comment_status":"open","ping_status":"closed","template":"","meta":[],"product_cat":[187],"product_tag":[486,495,484,488],"class_list":{"0":"post-25232","1":"product","2":"type-product","3":"status-publish","4":"has-post-thumbnail","6":"product_brand-petmmal","7":"product_cat-alimento-para-tortugas","8":"product_tag-alimento-para-tortugas","9":"product_tag-comida-para-tortuga-grande","10":"product_tag-petmmal","11":"product_tag-tortuguetas-jumbo","14":"first","15":"instock","16":"sale","17":"featured","18":"taxable","19":"shipping-taxable","20":"purchasable","21":"product-type-simple"},"jetpack_sharing_enabled":true,"_links":{"self":[{"href":"https:\/\/eltiomascotas.com.mx\/index.php\/wp-json\/wp\/v2\/product\/25232","targetHints":{"allow":["GET"]}}],"collection":[{"href":"https:\/\/eltiomascotas.com.mx\/index.php\/wp-json\/wp\/v2\/product"}],"about":[{"href":"https:\/\/eltiomascotas.com.mx\/index.php\/wp-json\/wp\/v2\/types\/product"}],"replies":[{"embeddable":true,"href":"https:\/\/eltiomascotas.com.mx\/index.php\/wp-json\/wp\/v2\/comments?post=25232"}],"version-history":[{"count":3,"href":"https:\/\/eltiomascotas.com.mx\/index.php\/wp-json\/wp\/v2\/product\/25232\/revisions"}],"predecessor-version":[{"id":26160,"href":"https:\/\/eltiomascotas.com.mx\/index.php\/wp-json\/wp\/v2\/product\/25232\/revisions\/26160"}],"wp:featuredmedia":[{"embeddable":true,"href":"https:\/\/eltiomascotas.com.mx\/index.php\/wp-json\/wp\/v2\/media\/25233"}],"wp:attachment":[{"href":"https:\/\/eltiomascotas.com.mx\/index.php\/wp-json\/wp\/v2\/media?parent=25232"}],"wp:term":[{"taxonomy":"product_cat","embeddable":true,"href":"https:\/\/eltiomascotas.com.mx\/index.php\/wp-json\/wp\/v2\/product_cat?post=25232"},{"taxonomy":"product_tag","embeddable":true,"href":"https:\/\/eltiomascotas.com.mx\/index.php\/wp-json\/wp\/v2\/product_tag?post=25232"}],"curies":[{"name":"wp","href":"https:\/\/api.w.org\/{rel}","templated":true}]}}