{"id":25920,"date":"2025-08-18T16:53:26","date_gmt":"2025-08-18T22:53:26","guid":{"rendered":"https:\/\/eltiomascotas.com.mx\/?post_type=product&#038;p=25920"},"modified":"2025-08-18T17:09:35","modified_gmt":"2025-08-18T23:09:35","slug":"anticloro-clorkill-45-ml-acondicionador-para-acuarios","status":"publish","type":"product","link":"https:\/\/eltiomascotas.com.mx\/index.php\/product\/anticloro-clorkill-45-ml-acondicionador-para-acuarios\/","title":{"rendered":"Anticloro Clorkill 45 ml Acondicionador Para Acuarios"},"content":{"rendered":"<p>Clorkill es una formulaci\u00f3n especial dise\u00f1ada para eliminar el cloro libre y la cloramina que pueden estar presentes en el agua, asegurando un entorno saludable para tus peces. Este acondicionador es ideal tanto para acuarios que se inician como para el agua de recambio, garantizando que tus mascotas acu\u00e1ticas est\u00e9n siempre en un ambiente \u00f3ptimo. Clorkill es un producto no volable, lo que significa que su efectividad se mantiene en el agua. Es especialmente recomendado para agua dulce, asegurando que tus peces disfruten de un h\u00e1bitat libre de contaminantes. Con su acci\u00f3n inmediata, simplemente agrega 1 gota por cada 2 litros de agua, revuelve y vierte en tu acuario sin necesidad de esperar. Con Clorkill, cuida la salud de tus peces de manera f\u00e1cil y efectiva.<\/p>\n","protected":false},"excerpt":{"rendered":"<p>Clorkill es una formulaci\u00f3n especial dise\u00f1ada para eliminar el cloro libre y la cloramina que pueden estar presentes en el agua.<\/p>\n","protected":false},"featured_media":25924,"comment_status":"open","ping_status":"closed","template":"","meta":[],"product_cat":[258],"product_tag":[631,632,629,630],"class_list":{"0":"post-25920","1":"product","2":"type-product","3":"status-publish","4":"has-post-thumbnail","6":"product_brand-biomaa","7":"product_cat-acondicionador-tratamiento","8":"product_tag-acondicionadores-de-agua","9":"product_tag-acondicionadores-para-acuario","10":"product_tag-anticloro","11":"product_tag-clorkill","14":"first","15":"instock","16":"taxable","17":"shipping-taxable","18":"purchasable","19":"product-type-simple"},"jetpack_sharing_enabled":true,"_links":{"self":[{"href":"https:\/\/eltiomascotas.com.mx\/index.php\/wp-json\/wp\/v2\/product\/25920","targetHints":{"allow":["GET"]}}],"collection":[{"href":"https:\/\/eltiomascotas.com.mx\/index.php\/wp-json\/wp\/v2\/product"}],"about":[{"href":"https:\/\/eltiomascotas.com.mx\/index.php\/wp-json\/wp\/v2\/types\/product"}],"replies":[{"embeddable":true,"href":"https:\/\/eltiomascotas.com.mx\/index.php\/wp-json\/wp\/v2\/comments?post=25920"}],"version-history":[{"count":2,"href":"https:\/\/eltiomascotas.com.mx\/index.php\/wp-json\/wp\/v2\/product\/25920\/revisions"}],"predecessor-version":[{"id":25939,"href":"https:\/\/eltiomascotas.com.mx\/index.php\/wp-json\/wp\/v2\/product\/25920\/revisions\/25939"}],"wp:featuredmedia":[{"embeddable":true,"href":"https:\/\/eltiomascotas.com.mx\/index.php\/wp-json\/wp\/v2\/media\/25924"}],"wp:attachment":[{"href":"https:\/\/eltiomascotas.com.mx\/index.php\/wp-json\/wp\/v2\/media?parent=25920"}],"wp:term":[{"taxonomy":"product_cat","embeddable":true,"href":"https:\/\/eltiomascotas.com.mx\/index.php\/wp-json\/wp\/v2\/product_cat?post=25920"},{"taxonomy":"product_tag","embeddable":true,"href":"https:\/\/eltiomascotas.com.mx\/index.php\/wp-json\/wp\/v2\/product_tag?post=25920"}],"curies":[{"name":"wp","href":"https:\/\/api.w.org\/{rel}","templated":true}]}}