{"id":25991,"date":"2025-08-18T18:48:30","date_gmt":"2025-08-19T00:48:30","guid":{"rendered":"https:\/\/eltiomascotas.com.mx\/?post_type=product&#038;p=25991"},"modified":"2025-08-18T22:21:32","modified_gmt":"2025-08-19T04:21:32","slug":"hueso-de-cerdo-ahumado-100-natural-premio-para-perros-1pz","status":"publish","type":"product","link":"https:\/\/eltiomascotas.com.mx\/index.php\/product\/hueso-de-cerdo-ahumado-100-natural-premio-para-perros-1pz\/","title":{"rendered":"Hueso De Cerdo Ahumado 100% Natural Premio Para Perros 1pz"},"content":{"rendered":"<p>HUESO DE CERDO AHUMADO PARA PERROS 1pz<\/p>\n<p>Este Hueso De Cerdo Ahumado Deshidratado para Perros es la elecci\u00f3n perfecta para consentir a tu mascota. Este delicioso premio proporciona una fuente rica en prote\u00edna, ideal para mantener la energ\u00eda y vitalidad de tu perro. Su textura seca y crujiente no solo satisface el instinto natural de morder, sino que tambi\u00e9n ayuda a mantener una buena salud dental.<\/p>\n<p>Recomendado para perros de todas las razas, el Hueso de Cerdo Ahumado es un producto que combina sabor y nutrici\u00f3n. Cada mordisco es un momento de disfrute y recompensa que fortalecer\u00e1 el v\u00ednculo entre t\u00fa y tu mascota.<\/p>\n","protected":false},"excerpt":{"rendered":"<p>HUESO DE CERDO AHUMADO PARA PERROS 1pz<\/p>\n","protected":false},"featured_media":25993,"comment_status":"open","ping_status":"closed","template":"","meta":[],"product_cat":[196],"product_tag":[645,644,647,646],"class_list":{"0":"post-25991","1":"product","2":"type-product","3":"status-publish","4":"has-post-thumbnail","6":"product_brand-biomaa","7":"product_cat-premios-perros","8":"product_tag-hueso-de-cerdo","9":"product_tag-hueso-para-perro","10":"product_tag-premio-para-perro","11":"product_tag-premio-para-perro-sabor-cerdo-ahumado","14":"first","15":"instock","16":"taxable","17":"shipping-taxable","18":"purchasable","19":"product-type-simple"},"jetpack_sharing_enabled":true,"_links":{"self":[{"href":"https:\/\/eltiomascotas.com.mx\/index.php\/wp-json\/wp\/v2\/product\/25991","targetHints":{"allow":["GET"]}}],"collection":[{"href":"https:\/\/eltiomascotas.com.mx\/index.php\/wp-json\/wp\/v2\/product"}],"about":[{"href":"https:\/\/eltiomascotas.com.mx\/index.php\/wp-json\/wp\/v2\/types\/product"}],"replies":[{"embeddable":true,"href":"https:\/\/eltiomascotas.com.mx\/index.php\/wp-json\/wp\/v2\/comments?post=25991"}],"version-history":[{"count":1,"href":"https:\/\/eltiomascotas.com.mx\/index.php\/wp-json\/wp\/v2\/product\/25991\/revisions"}],"predecessor-version":[{"id":25997,"href":"https:\/\/eltiomascotas.com.mx\/index.php\/wp-json\/wp\/v2\/product\/25991\/revisions\/25997"}],"wp:featuredmedia":[{"embeddable":true,"href":"https:\/\/eltiomascotas.com.mx\/index.php\/wp-json\/wp\/v2\/media\/25993"}],"wp:attachment":[{"href":"https:\/\/eltiomascotas.com.mx\/index.php\/wp-json\/wp\/v2\/media?parent=25991"}],"wp:term":[{"taxonomy":"product_cat","embeddable":true,"href":"https:\/\/eltiomascotas.com.mx\/index.php\/wp-json\/wp\/v2\/product_cat?post=25991"},{"taxonomy":"product_tag","embeddable":true,"href":"https:\/\/eltiomascotas.com.mx\/index.php\/wp-json\/wp\/v2\/product_tag?post=25991"}],"curies":[{"name":"wp","href":"https:\/\/api.w.org\/{rel}","templated":true}]}}