{"id":26108,"date":"2025-08-19T17:49:55","date_gmt":"2025-08-19T23:49:55","guid":{"rendered":"https:\/\/eltiomascotas.com.mx\/?post_type=product&#038;p=26108"},"modified":"2025-08-19T17:49:56","modified_gmt":"2025-08-19T23:49:56","slug":"vitaflora-acondicionador-acuarios-plantados-125-ml-biomaa","status":"publish","type":"product","link":"https:\/\/eltiomascotas.com.mx\/index.php\/product\/vitaflora-acondicionador-acuarios-plantados-125-ml-biomaa\/","title":{"rendered":"Vitaflora Acondicionador Acuarios Plantados 125 ml Biomaa"},"content":{"rendered":"<p>Vita-Flora es una formulaci\u00f3n completa para promover el desarrollo de las plantas acu\u00e1ticas, enriquecida con hierro y elementos traza indispensables para mantener la salud de las plantas.<\/p>\n<p>Este abono l\u00edquido para plantas acu\u00e1ticas est\u00e1 especialmente dise\u00f1ado para su uso en acuarios tropicales. Contiene macro y micronutrientes esenciales que generalmente no se encuentran en los acuarios, como potasio, hierro, boro y magnesio.<\/p>\n<p>La f\u00f3rmula de Vita-Flora, exenta de nitratos y fosfatos, evita el crecimiento de microalgas que pueden te\u00f1ir los vidrios y el agua del acuario de verde o caf\u00e9. La ausencia de estos compuestos se debe a que se generan gradualmente en los acuarios a trav\u00e9s de la alimentaci\u00f3n y el metabolismo de los peces.<\/p>\n<p>Es importante que las plantas, para un \u00f3ptimo desarrollo, tengan acceso a nutrientes minerales esenciales, as\u00ed como a una fuente adecuada de luz y bi\u00f3xido de carbono. Adem\u00e1s, se debe considerar las caracter\u00edsticas espec\u00edficas de cada especie de planta acu\u00e1tica, ya que algunas prefieren aguas fr\u00edas y otras no toleran aguas duras.<\/p>\n<p>Instrucciones de uso:<\/p>\n<p>Inicialmente, agregue 10mL de Vita-Flora por cada 40 litros de agua. Posteriormente, a\u00f1ada 5mL por cada 40 litros de agua cada 15 d\u00edas.<\/p>\n","protected":false},"excerpt":{"rendered":"<p>Vita-Flora &#8211; Formulaci\u00f3n completa -125 ml<\/p>\n","protected":false},"featured_media":26109,"comment_status":"open","ping_status":"closed","template":"","meta":[],"product_cat":[258,255],"product_tag":[631,632,679],"class_list":{"0":"post-26108","1":"product","2":"type-product","3":"status-publish","4":"has-post-thumbnail","6":"product_brand-biomaa","7":"product_cat-acondicionador-tratamiento","8":"product_cat-limpiezaymantenimientoacuarios","9":"product_tag-acondicionadores-de-agua","10":"product_tag-acondicionadores-para-acuario","11":"product_tag-vita-flora","14":"first","15":"instock","16":"taxable","17":"shipping-taxable","18":"purchasable","19":"product-type-simple"},"jetpack_sharing_enabled":true,"_links":{"self":[{"href":"https:\/\/eltiomascotas.com.mx\/index.php\/wp-json\/wp\/v2\/product\/26108","targetHints":{"allow":["GET"]}}],"collection":[{"href":"https:\/\/eltiomascotas.com.mx\/index.php\/wp-json\/wp\/v2\/product"}],"about":[{"href":"https:\/\/eltiomascotas.com.mx\/index.php\/wp-json\/wp\/v2\/types\/product"}],"replies":[{"embeddable":true,"href":"https:\/\/eltiomascotas.com.mx\/index.php\/wp-json\/wp\/v2\/comments?post=26108"}],"version-history":[{"count":2,"href":"https:\/\/eltiomascotas.com.mx\/index.php\/wp-json\/wp\/v2\/product\/26108\/revisions"}],"predecessor-version":[{"id":26112,"href":"https:\/\/eltiomascotas.com.mx\/index.php\/wp-json\/wp\/v2\/product\/26108\/revisions\/26112"}],"wp:featuredmedia":[{"embeddable":true,"href":"https:\/\/eltiomascotas.com.mx\/index.php\/wp-json\/wp\/v2\/media\/26109"}],"wp:attachment":[{"href":"https:\/\/eltiomascotas.com.mx\/index.php\/wp-json\/wp\/v2\/media?parent=26108"}],"wp:term":[{"taxonomy":"product_cat","embeddable":true,"href":"https:\/\/eltiomascotas.com.mx\/index.php\/wp-json\/wp\/v2\/product_cat?post=26108"},{"taxonomy":"product_tag","embeddable":true,"href":"https:\/\/eltiomascotas.com.mx\/index.php\/wp-json\/wp\/v2\/product_tag?post=26108"}],"curies":[{"name":"wp","href":"https:\/\/api.w.org\/{rel}","templated":true}]}}